{"id":644,"date":"2020-11-23T06:51:13","date_gmt":"2020-11-23T06:51:13","guid":{"rendered":"https:\/\/soester-kanzlei.de\/?page_id=644"},"modified":"2020-11-23T06:51:13","modified_gmt":"2020-11-23T06:51:13","slug":"medizinrecht-und-arzthaftungsrecht","status":"publish","type":"page","link":"https:\/\/soester-kanzlei.de\/?page_id=644","title":{"rendered":"Medizinrecht und Arzthaftungsrecht"},"content":{"rendered":"\n<p>Den K\u00f6rpersch\u00e4den folgt ein langer Leidensweg bei der Durchsetzung der Ersatzanspr\u00fcche.\u00a0Schon bei der Wahl der Verfahrensweise, der au\u00dfergerichtlichen Kl\u00e4rung vor der Gutachterkommission oder einer Klage vor dem Gericht sind strategisches Geschick und juristische Erfahrung erforderlich. Eine gr\u00fcnliche Vorbereitung des Falles erfordert oft auch die vorherige Aufarbeitung mit \u00e4rztlicher Beratung. Rechtsanwalt Klespe verf\u00fcgt \u00fcber gute Kontakte zu unabh\u00e4ngigen medizinischen Beratern. In den zur\u00fcckliegenden Jahren hat er seine Mandanten wegen verschiedenster schwerer Verletzungen erfolgreich bis zu Prozessen vor dem Bundesgerichtshof beraten und dabei in mehreren Verfahren Anspr\u00fcche in der H\u00f6he von mehreren hunderttausend Euro durchgesetzt. Insbesondere weil durch die Gesundheitssch\u00e4den die Belastungsgrenzen der Mandanten schon erreicht sein k\u00f6nnen, pr\u00fcft Rechtsanwalt Klespe alle M\u00f6glichkeiten zur au\u00dfergerichtlichen Regelung. Dadurch k\u00f6nnen Zeit und Kosten gespart werden. Die Opfer bekommen unmittelbar ihren berechtigten Ausgleich und m\u00fcssen nicht jahrelang auf Entsch\u00e4digung warten.<\/p>\n","protected":false},"excerpt":{"rendered":"<p>Den K\u00f6rpersch\u00e4den folgt ein langer Leidensweg bei der Durchsetzung der Ersatzanspr\u00fcche.\u00a0Schon bei der Wahl der Verfahrensweise, der au\u00dfergerichtlichen Kl\u00e4rung vor der Gutachterkommission oder einer Klage vor dem Gericht sind strategisches Geschick und juristische Erfahrung erforderlich. Eine gr\u00fcnliche Vorbereitung des Falles erfordert oft auch die vorherige Aufarbeitung mit \u00e4rztlicher Beratung. Rechtsanwalt Klespe verf\u00fcgt \u00fcber gute Kontakte<a class=\"more-link\" href=\"https:\/\/soester-kanzlei.de\/?page_id=644\"><span class=\"screen-reader-text\">&#8222;Medizinrecht und Arzthaftungsrecht&#8220;<\/span> weiterlesen<\/a><\/p>\n","protected":false},"author":1,"featured_media":0,"parent":0,"menu_order":0,"comment_status":"closed","ping_status":"closed","template":"","meta":{"footnotes":""},"class_list":["post-644","page","type-page","status-publish","hentry","entry"],"_links":{"self":[{"href":"https:\/\/soester-kanzlei.de\/index.php?rest_route=\/wp\/v2\/pages\/644","targetHints":{"allow":["GET"]}}],"collection":[{"href":"https:\/\/soester-kanzlei.de\/index.php?rest_route=\/wp\/v2\/pages"}],"about":[{"href":"https:\/\/soester-kanzlei.de\/index.php?rest_route=\/wp\/v2\/types\/page"}],"author":[{"embeddable":true,"href":"https:\/\/soester-kanzlei.de\/index.php?rest_route=\/wp\/v2\/users\/1"}],"replies":[{"embeddable":true,"href":"https:\/\/soester-kanzlei.de\/index.php?rest_route=%2Fwp%2Fv2%2Fcomments&post=644"}],"version-history":[{"count":1,"href":"https:\/\/soester-kanzlei.de\/index.php?rest_route=\/wp\/v2\/pages\/644\/revisions"}],"predecessor-version":[{"id":645,"href":"https:\/\/soester-kanzlei.de\/index.php?rest_route=\/wp\/v2\/pages\/644\/revisions\/645"}],"wp:attachment":[{"href":"https:\/\/soester-kanzlei.de\/index.php?rest_route=%2Fwp%2Fv2%2Fmedia&parent=644"}],"curies":[{"name":"wp","href":"https:\/\/api.w.org\/{rel}","templated":true}]}}