{"id":641,"date":"2020-11-23T06:48:56","date_gmt":"2020-11-23T06:48:56","guid":{"rendered":"https:\/\/soester-kanzlei.de\/?page_id=641"},"modified":"2020-11-23T06:48:56","modified_gmt":"2020-11-23T06:48:56","slug":"arbeitsrecht","status":"publish","type":"page","link":"https:\/\/soester-kanzlei.de\/?page_id=641","title":{"rendered":"Arbeitsrecht"},"content":{"rendered":"\n<p><strong>Differenzen zwischen den Parteien geh\u00f6ren im Arbeitsleben zu den t\u00e4glichen Problemen. Rechtsanwalt Klespe vertritt seit vielen Jahren Arbeitgeber und Arbeitnehmer au\u00dfergerichtlich und vor den Arbeitsgerichten. Die Erfahrung durch anwaltliche T\u00e4tigkeit auf beiden Seiten hat f\u00fcr die Mandanten von Rechtsanwalt Klespe einen erheblichen strategischen Vorteil. Er kann sich ohne M\u00fche in die Position der Gegenseite versetzen und so tragf\u00e4hige L\u00f6sungen erarbeiten.<\/strong><\/p>\n\n\n\n<p>Die fr\u00fchzeitige Einbindung in den Fall ist wegen der im Arbeitsrecht geltenden kurzen Fristen von gro\u00dfem Vorteil. Arbeitnehmer und Arbeitgeber haben ein Interesse an der schnellen Erledigung des Falles. Ist ein Termin vor dem Arbeitsgericht unvermeidbar, so gelingt Rechtsanwalt Klespe in der Regel die Erledigung im ersten Termin, der sogenannten G\u00fcteverhandlung.<\/p>\n","protected":false},"excerpt":{"rendered":"<p>Differenzen zwischen den Parteien geh\u00f6ren im Arbeitsleben zu den t\u00e4glichen Problemen. Rechtsanwalt Klespe vertritt seit vielen Jahren Arbeitgeber und Arbeitnehmer au\u00dfergerichtlich und vor den Arbeitsgerichten. Die Erfahrung durch anwaltliche T\u00e4tigkeit auf beiden Seiten hat f\u00fcr die Mandanten von Rechtsanwalt Klespe einen erheblichen strategischen Vorteil. Er kann sich ohne M\u00fche in die Position der Gegenseite versetzen<a class=\"more-link\" href=\"https:\/\/soester-kanzlei.de\/?page_id=641\"><span class=\"screen-reader-text\">&#8222;Arbeitsrecht&#8220;<\/span> weiterlesen<\/a><\/p>\n","protected":false},"author":1,"featured_media":0,"parent":0,"menu_order":0,"comment_status":"closed","ping_status":"closed","template":"","meta":{"footnotes":""},"class_list":["post-641","page","type-page","status-publish","hentry","entry"],"_links":{"self":[{"href":"https:\/\/soester-kanzlei.de\/index.php?rest_route=\/wp\/v2\/pages\/641","targetHints":{"allow":["GET"]}}],"collection":[{"href":"https:\/\/soester-kanzlei.de\/index.php?rest_route=\/wp\/v2\/pages"}],"about":[{"href":"https:\/\/soester-kanzlei.de\/index.php?rest_route=\/wp\/v2\/types\/page"}],"author":[{"embeddable":true,"href":"https:\/\/soester-kanzlei.de\/index.php?rest_route=\/wp\/v2\/users\/1"}],"replies":[{"embeddable":true,"href":"https:\/\/soester-kanzlei.de\/index.php?rest_route=%2Fwp%2Fv2%2Fcomments&post=641"}],"version-history":[{"count":1,"href":"https:\/\/soester-kanzlei.de\/index.php?rest_route=\/wp\/v2\/pages\/641\/revisions"}],"predecessor-version":[{"id":642,"href":"https:\/\/soester-kanzlei.de\/index.php?rest_route=\/wp\/v2\/pages\/641\/revisions\/642"}],"wp:attachment":[{"href":"https:\/\/soester-kanzlei.de\/index.php?rest_route=%2Fwp%2Fv2%2Fmedia&parent=641"}],"curies":[{"name":"wp","href":"https:\/\/api.w.org\/{rel}","templated":true}]}}